00111011
In base 10, what is -5894 + -39?
-5933
In base 16, what is -4e - 5045?
-5093
In base 10, what is 3 - 7141?
-7138
In base 15, what is -1b + -22e7?
-2313
In base 3, what is -22202010 + -1?
-22202011
In base 16, what is -2a530 - 3?
-2a533
In base 16, what is -2 + 18bf8?
18bf6
In base 12, what is -61407 - 4?
-6140b
In base 12, what is -1b427 - -17?
-1b410
In base 9, what is -161 + -232?
-403
In base 4, what is -233121 + -1331?
-301112
In base 2, what is -101001101001000101 + -11?
-101001101001001000
In base 2, what is -1000000010 - 10011011?
-1010011101
In base 11, what is 7482 - -3?
7485
In base 10, what is -2 - 6712?
-6714
In base 8, what is -55 + 10220?
10143
In base 14, what is 5 - 3bcc?
-3bc7
In base 11, what is 1 - 2507?
-2506
In base 6, what is 242034220 + -2?
242034214
In base 12, what is 28b - 2256?
-1b87
In base 16, what is -df44a - -2?
-df448
In base 15, what is 33b0 + 5?
33b5
In base 14, what is 7 - -6179d?
617a6
In base 7, what is 1231 - 13?
1215
In base 13, what is -490 + -31?
-4c1
In base 9, what is 480186 + -3?
480183
In base 8, what is 1415243 - 4?
1415237
In base 8, what is 1124 - -120?
1244
In base 12, what is -259561 + 4?
-259559
In base 9, what is -7 + 14655?
14647
In base 8, what is -4 - 1032021?
-1032025
In base 4, what is -1032012 - 22?
-1032100
In base 16, what is 1a + -3d45?
-3d2b
In base 10, what is 69 + 205?
274
In base 2, what is -1 + -10110100000110?
-10110100000111
In base 15, what is -1 - 2d84?
-2d85
In base 13, what is 238 + -859?
-621
In base 14, what is -679a + 6?
-6794
In base 8, what is 1611633 + -7?
1611624
In base 5, what is 1 + 33011030?
33011031
In base 16, what is 3b3 + 3f?
3f2
In base 13, what is -617 + -12?
-629
In base 7, what is 30061 + 11?
30102
In base 4, what is 3302130 + -20?
3302110
In base 5, what is 2011231 + -200?
2011031
In base 4, what is -22110 - 1032?
-23202
In base 6, what is 2402241 - 40?
2402201
In base 11, what is a2 + -21?
81
In base 3, what is -102 + 1101112220?
1101112111
In base 15, what is -ceb + -27?
-d23
In base 2, what is -111111000 + -101?
-111111101
In base 5, what is -2 - -34240210?
34240203
In base 16, what is -5 - 7a192?
-7a197
In base 6, what is -5033 + 12?
-5021
In base 15, what is 11 - 569a2?
-56991
In base 2, what is 1 - -1000101110001?
1000101110010
In base 12, what is -1a25 - 33?
-1a58
In base 8, what is -101 - 675?
-776
In base 12, what is 2 - 4816?
-4814
In base 14, what is 6 - -16b?
173
In base 6, what is 322 + 1214?
1540
In base 11, what is 2605 + -144?
2471
In base 3, what is -2 + 10012022021?
10012022012
In base 3, what is -211022112 - -10002?
-211012110
In base 10, what is -713 + 239?
-474
In base 7, what is 3 + 35402?
35405
In base 3, what is 1111101 - 1102012?
2012
In base 6, what is 232050 - -1?
232051
In base 15, what is -3420 + -3?
-3423
In base 10, what is -78545 - 80?
-78625
In base 7, what is 344331 + -1?
344330
In base 9, what is -10 + -272307?
-272317
In base 10, what is -20 + 30810?
30790
In base 6, what is 3 - -4412311?
4412314
In base 13, what is 1 + -380c2?
-380c1
In base 11, what is 123861 + 10?
123871
In base 7, what is -4 + -432215?
-432222
In base 8, what is -2 + -20013?
-20015
In base 14, what is 4 - 2b94?
-2b90
In base 12, what is 325 - -25?
34a
In base 3, what is -12 + 21111210?
21111121
In base 14, what is 3 + 6d16?
6d19
In base 9, what is -37 - -2264?
2226
In base 13, what is 284ab + 1?
284ac
In base 5, what is -1314002112 - -3?
-1314002104
In base 12, what is -3 - -43381?
4337a
In base 11, what is -483748 - -5?
-483743
In base 16, what is -3 + -6d2e?
-6d31
In base 16, what is 6c + -e?
5e
In base 15, what is 351d + -8?
3515
In base 7, what is 4 + 14101264?
14101301
In base 10, what is 0 + -133527?
-133527
In base 7, what is 1565 + -12?
1553
In base 15, what is 2 - -73b5?
73b7
In base 15, what is 8 - -245?
24d
In base 15, what is -5 + -701e?
-7024
In base 6, what is -1 - 1051244?
-1051245
In base 4, what is -10 - 31011003?
-31011013
In base 9, what is 1 + -24058?
-24057
In base 12, what is -35b668 + -7?
-35b673
In base 8, what is 55 - 2677?
-2622
In base 2, what is 110010001110000011 + -101?
110010001101111110
In base 10, what is -131846 + 16?
-131830
In base 4, what is 2 - 2223101?
-2223033
In base 4, what is 2023 - -300232?
302321
In base 8, what is 5 + -1050266?
-1050261
In base 3, what is 1012101 - 22201?
212200
In base 11, what is 246 - -2185?
2420
In base 10, what is -7 + -35391?
-35398
In base 13, what is -1321b + 4?
-13217
In base 15, what is 30 + 42c?
45c
In base 10, what is 1275 + 43?
1318
In base 6, what is 113344 - -1432?
115220
In base 6, what is 122 - -3331?
3453
In base 4, what is 11 + 121321221?
121321232
In base 15, what is be + -17?
a7
In base 2, what is -11010 - -10100001101?
10011110011
In base 12, what is -16 + -678?
-692
In base 15, what is b7c - 63?
b19
In base 8, what is -44 + 26636?
26572
In base 6, what is 12402 - -255?
13101
In base 8, what is 107 + -46565?
-46456
In base 10, what is 4 + 29749?
29753
In base 2, what is 1011010001100110111 + -1?
1011010001100110110
In base 6, what is -4 + 503000?
502552
In base 8, what is -107523 - 43?
-107566
In base 16, what is 4 + 3809?
380d
In base 5, what is -4132440 + 1?
-4132434
In base 15, what is 19e - 10c5?
-e26
In base 10, what is -135133 - -21?
-135112
In base 2, what is -1110 + 100110111000?
100110101010
In base 11, what is -a9 - -5515?
5417
In base 15, what is 57 - -34?
8b
In base 8, what is 4 - 4230324?
-4230320
In base 10, what is 19 + 178920?
178939
In base 2, what is -11011000111 + 10110100?
-11000010011
In base 16, what is -27dc - -46?
-2796
In base 3, what is 10102121 + 111?
10110002
In base 7, what is -1020641 + 4?
-1020634
In base 5, what is 40321222 + -11?
40321211
In base 14, what is -6 + a86c?
a866
In base 3, what is 201220011 + -2?
201220002
In base 4, what is -131 - 21021?
-21212
In base 10, what is -14 + -694?
-708
In base 14, what is 304 - d0?
214
In base 13, what is 6 - -4631?
4637
In base 2, what is -10100111101010 + -1011111?
-10101001001001
In base 6, what is 22251 + 134?
22425
In base 15, what is 0 + 4b74?
4b74
In base 3, what is 11022111102 - -100?
11022111202
In base 16, what is -6bfeb + -4?
-6bfef
In base 13, what is -2 + -4219?
-421b
In base 6, what is 343030 + -13?
343013
In base 10, what is 56 - -979?
1035
In base 2, what is -11001110110000101 + -101?
-11001110110001010
In base 14, what is 12b - -bb?
208
In base 13, what is 42426 - 28?
423cb
In base 11, what is -1 - 29801?
-29802
In base 13, what is 0 - -184cc6?
184cc6
In base 13, what is -5 + aa3b5?
aa3b0
In base 12, what is -9 - 1633?
-1640
In base 8, what is 1 - 125122?
-125121
In base 2, what is -100101000111011100 - 11?
-100101000111011111
In base 16, what is 8be - -2f?
8ed
In base 5, what is -10001400 + -2?
-10001402
In base 11, what is 3 - 14492?
-1448a
In base 7, what is 16 - -20250?
20266
In base 2, what is 100 + -100100000111010001?
-100100000111001101
In base 8, what is 170546 - -3?
170551
In base 12, what is 3a1b - 503?
3518
In base 2, what is 1111110 - -11010010?
101010000
In base 7, what is -213 - 23621?
-24134
In base 8, what is -4 + -472573?
-472577
In base 5, what is -1411 - 4134?
-11100
In base 16, what is 8e + -d7?
-49
In base 5, what is -22343312 - 2?
-22343314
In base 7, what is 12152455 + 3?
12152461
In base 9, what is 22 + -10207?
-10175
In base 3, what is -22202 - -101201?
1222
In base 8, what is 143 + 1002?
1145
In base 9, what is -23683 - -86?
-23586
In base 6, what is -24 + -1341?
-1405
In base 15, what is 79da6 - 2?
79da4
In base 4, what is -20 - -132323?
132303
In base 10, what is -29 - -487?
458
In base 6, what is 1421 + -13144?
-11323
In base 10, what is -5 + -699972?
-699977
In base 10, what is 2 + -363136?
-363134
In base 3, what is 2 - -100011210?
100011212
In base 16, what is -adc + 41?
-a9b
In base 11, what is -80 + -3440?
-3510
In base 5, what is -13014 - -100?
-12414
In base 14, what is 6b + 43a?
4a7
In base 10, what is 729513 - -3?
729516
In base 8, what is 27154 + 14?
27170
In base 3, what is 1000 - 1202120202?
-1202112202
In base 15, what is 32 - -3095?
30c7
In base 6, what is 231030 - 510?
230120
In base 5, what is 4 + 20334220?
20334224
In base 15, what is 0 - -9e4a?
9e4a
In base 13, what is 1334 + 275?
15a9
In base 14, what is -6b41a 